{"id":3963,"date":"2024-03-28T15:15:43","date_gmt":"2024-03-28T14:15:43","guid":{"rendered":"http:\/\/dentaleducation.be\/?post_type=product&#038;p=3963"},"modified":"2026-02-11T11:26:29","modified_gmt":"2026-02-11T10:26:29","slug":"de-zero-a-implanto","status":"publish","type":"product","link":"https:\/\/dentaleducation.be\/index.php\/produit\/de-zero-a-implanto\/","title":{"rendered":"De Z\u00e9ro \u00e0 Implanto"},"content":{"rendered":"<p><strong>De Z\u00e9ro \u00e0 Implanto : Ma\u00eetrisez l&#8217;Implantologie avec Confiance et Expertise<\/strong><\/p>\n<p>Rejoignez notre masterclass unique, \u201cDe Z\u00e9ro \u00e0 Implanto\u201d, con\u00e7ue sp\u00e9cifiquement pour les praticiens d\u00e9sirant d\u00e9buter ou perfectionner leur pratique en implantologie. Cette approche compl\u00e8te vous propulse dans le monde de l\u2019implantologie gr\u00e2ce \u00e0 un programme structur\u00e9 et pratique, accessible sans pr\u00e9requis.<\/p>\n<p><strong>Pourquoi choisir notre masterclass ?<\/strong><\/p>\n<p><strong>Approche Int\u00e9gr\u00e9e :<\/strong>\u00a0De la th\u00e9orie \u00e0 la <strong><u>pratique clinique<\/u><\/strong>, b\u00e9n\u00e9ficiez d\u2019un accompagnement personnalis\u00e9 vous permettant de r\u00e9aliser vos propres cas sous supervision.<\/p>\n<p><strong>Immersion clinique au Br\u00e9sil\u00a0:<\/strong> b\u00e9n\u00e9ficiez d\u2019une opportunit\u00e9 unique de vous immerger une semaine enti\u00e8re au Br\u00e9sil afin de r\u00e9aliser divers actes chirurgicaux sous le regard avis\u00e9 d\u2019experts internationaux.<\/p>\n<p><strong>Expertise Professionnelle :<\/strong>\u00a0Profitez de l\u2019exp\u00e9rience de nos formateurs, des implantologues chevronn\u00e9s avec plus de 10 ann\u00e9es d\u2019exp\u00e9rience clinique.<\/p>\n<p><strong>Programme Complet :<\/strong>\u00a0Couvrant les fondamentaux de l\u2019implantologie, la chirurgie orale, la planification avanc\u00e9e, la gestion des complications et plus encore. Chaque module est enrichi de travaux pratiques et de coaching clinique directement dans votre cabinet dentaire.<\/p>\n<p><strong>Immersion clinique au Br\u00e9sil :<\/strong><\/p>\n<p>\ud83d\udd25 <strong>100 % pratique, z\u00e9ro blabla<\/strong> : de la chirurgie matin, midi et soir.<\/p>\n<p>\ud83d\ude80 <strong>Encadr\u00e9 par des experts internationaux<\/strong> : apprenez directement aupr\u00e8s des meilleurs.<\/p>\n<p>\ud83e\uddb7 <strong>Participez \u00e0 jusque 30 actes chirurgicaux<\/strong> : une immersion clinique unique et intensive.<\/p>\n<p>\ud83c\udf0e <strong>Universit\u00e9 de renomm\u00e9e mondiale<\/strong> : une exp\u00e9rience dans un cadre acad\u00e9mique prestigieux.<\/p>\n<p>\ud83c\udf93 <strong>Certificat reconnu internationalement<\/strong> : valorisez vos comp\u00e9tences partout dans le monde.<\/p>\n<p><strong>Saisissez l\u2019opportunit\u00e9 d\u2019\u00e9largir vos comp\u00e9tences et de prendre en main des cas complexes avec assurance.<\/strong>\u00a0Notre objectif est de vous fournir les outils n\u00e9cessaires pour int\u00e9grer l\u2019implantologie \u00e0 votre pratique quotidienne de mani\u00e8re comp\u00e9tente et autonome.<\/p>\n","protected":false},"excerpt":{"rendered":"<p><strong data-start=\"520\" data-end=\"599\">Devenez autonome en implantologie avec la masterclass \u201cDe Z\u00e9ro \u00e0 Implanto\u201d.<\/strong><\/p>\n<p>De la th\u00e9orie \u00e0 la pratique clinique, formez-vous avec nos experts et transformez votre pratique.<\/p>\n<p>Lieu : H\u00f4tel The Standard | Bd Roi Albert II 30, 1000 Bruxelles<\/p>\n<p><a href=\"https:\/\/be.stoma-shop.com\/fr\/\" target=\"_blank\" rel=\"noopener\"><img decoding=\"async\" class=\"alignnone size-medium wp-image-7171\" src=\"https:\/\/dentaleducation.be\/wp-content\/uploads\/2024\/03\/StomaSignetR-300x55.jpg\" alt=\"\" width=\"300\" height=\"55\" srcset=\"https:\/\/dentaleducation.be\/wp-content\/uploads\/2024\/03\/StomaSignetR-300x55.jpg 300w, https:\/\/dentaleducation.be\/wp-content\/uploads\/2024\/03\/StomaSignetR-1024x186.jpg 1024w, https:\/\/dentaleducation.be\/wp-content\/uploads\/2024\/03\/StomaSignetR-768x140.jpg 768w, https:\/\/dentaleducation.be\/wp-content\/uploads\/2024\/03\/StomaSignetR-1536x279.jpg 1536w, https:\/\/dentaleducation.be\/wp-content\/uploads\/2024\/03\/StomaSignetR-600x109.jpg 600w, https:\/\/dentaleducation.be\/wp-content\/uploads\/2024\/03\/StomaSignetR.jpg 1579w\" sizes=\"(max-width: 300px) 100vw, 300px\" \/><\/a><\/p>\n","protected":false},"featured_media":6602,"comment_status":"open","ping_status":"closed","template":"","meta":{"_acf_changed":false,"ocean_post_layout":"","ocean_both_sidebars_style":"","ocean_both_sidebars_content_width":0,"ocean_both_sidebars_sidebars_width":0,"ocean_sidebar":"0","ocean_second_sidebar":"0","ocean_disable_margins":"enable","ocean_add_body_class":"","ocean_shortcode_before_top_bar":"","ocean_shortcode_after_top_bar":"","ocean_shortcode_before_header":"","ocean_shortcode_after_header":"","ocean_has_shortcode":"","ocean_shortcode_after_title":"","ocean_shortcode_before_footer_widgets":"","ocean_shortcode_after_footer_widgets":"","ocean_shortcode_before_footer_bottom":"","ocean_shortcode_after_footer_bottom":"","ocean_display_top_bar":"default","ocean_display_header":"default","ocean_header_style":"","ocean_center_header_left_menu":"0","ocean_custom_header_template":"0","ocean_custom_logo":0,"ocean_custom_retina_logo":0,"ocean_custom_logo_max_width":0,"ocean_custom_logo_tablet_max_width":0,"ocean_custom_logo_mobile_max_width":0,"ocean_custom_logo_max_height":0,"ocean_custom_logo_tablet_max_height":0,"ocean_custom_logo_mobile_max_height":0,"ocean_header_custom_menu":"0","ocean_menu_typo_font_family":"0","ocean_menu_typo_font_subset":"","ocean_menu_typo_font_size":0,"ocean_menu_typo_font_size_tablet":0,"ocean_menu_typo_font_size_mobile":0,"ocean_menu_typo_font_size_unit":"px","ocean_menu_typo_font_weight":"","ocean_menu_typo_font_weight_tablet":"","ocean_menu_typo_font_weight_mobile":"","ocean_menu_typo_transform":"","ocean_menu_typo_transform_tablet":"","ocean_menu_typo_transform_mobile":"","ocean_menu_typo_line_height":0,"ocean_menu_typo_line_height_tablet":0,"ocean_menu_typo_line_height_mobile":0,"ocean_menu_typo_line_height_unit":"","ocean_menu_typo_spacing":0,"ocean_menu_typo_spacing_tablet":0,"ocean_menu_typo_spacing_mobile":0,"ocean_menu_typo_spacing_unit":"","ocean_menu_link_color":"","ocean_menu_link_color_hover":"","ocean_menu_link_color_active":"","ocean_menu_link_background":"","ocean_menu_link_hover_background":"","ocean_menu_link_active_background":"","ocean_menu_social_links_bg":"","ocean_menu_social_hover_links_bg":"","ocean_menu_social_links_color":"","ocean_menu_social_hover_links_color":"","ocean_disable_title":"on","ocean_disable_heading":"default","ocean_post_title":"","ocean_post_subheading":"","ocean_post_title_style":"","ocean_post_title_background_color":"","ocean_post_title_background":0,"ocean_post_title_bg_image_position":"","ocean_post_title_bg_image_attachment":"","ocean_post_title_bg_image_repeat":"","ocean_post_title_bg_image_size":"","ocean_post_title_height":0,"ocean_post_title_bg_overlay":0.5,"ocean_post_title_bg_overlay_color":"","ocean_disable_breadcrumbs":"default","ocean_breadcrumbs_color":"","ocean_breadcrumbs_separator_color":"","ocean_breadcrumbs_links_color":"","ocean_breadcrumbs_links_hover_color":"","ocean_display_footer_widgets":"default","ocean_display_footer_bottom":"default","ocean_custom_footer_template":"0"},"product_brand":[],"product_cat":[35],"product_tag":[43],"class_list":{"0":"post-3963","1":"product","2":"type-product","3":"status-publish","4":"has-post-thumbnail","6":"product_cat-masterclass","7":"product_tag-de-zero-a-implanto","9":"entry","10":"has-media","12":"first","13":"outofstock","14":"shipping-taxable","15":"purchasable","16":"product-type-simple","17":"has-product-nav","18":"col","19":"span_1_of_3","20":"owp-content-center","21":"owp-thumbs-layout-horizontal","22":"owp-btn-normal","23":"owp-tabs-layout-horizontal","24":"has-no-thumbnails"},"acf":[],"yoast_head":"<!-- This site is optimized with the Yoast SEO plugin v27.4 - https:\/\/yoast.com\/product\/yoast-seo-wordpress\/ -->\n<title>De Z\u00e9ro \u00e0 Implanto - Dental Education<\/title>\n<meta name=\"description\" content=\"Unique en Belgique, cette formation vous permet, en un laps de temps minimum, d&#039;acqu\u00e9rir toutes les bases n\u00e9cessaires pour...\" \/>\n<meta name=\"robots\" content=\"index, follow, max-snippet:-1, max-image-preview:large, max-video-preview:-1\" \/>\n<link rel=\"canonical\" href=\"https:\/\/dentaleducation.be\/index.php\/produit\/de-zero-a-implanto\/\" \/>\n<meta property=\"og:locale\" content=\"fr_FR\" \/>\n<meta property=\"og:type\" content=\"article\" \/>\n<meta property=\"og:title\" content=\"De Z\u00e9ro \u00e0 Implanto - Dental Education\" \/>\n<meta property=\"og:description\" content=\"Unique en Belgique, cette formation vous permet, en un laps de temps minimum, d&#039;acqu\u00e9rir toutes les bases n\u00e9cessaires pour...\" \/>\n<meta property=\"og:url\" content=\"https:\/\/dentaleducation.be\/index.php\/produit\/de-zero-a-implanto\/\" \/>\n<meta property=\"og:site_name\" content=\"Dental Education\" \/>\n<meta property=\"article:publisher\" content=\"https:\/\/www.facebook.com\/DentalEducationAssociation\" \/>\n<meta property=\"article:modified_time\" content=\"2026-02-11T10:26:29+00:00\" \/>\n<meta property=\"og:image\" content=\"https:\/\/dentaleducation.be\/wp-content\/uploads\/2024\/03\/publi-zoom-implanto-2025-carre-min-bis-min.jpg\" \/>\n\t<meta property=\"og:image:width\" content=\"1024\" \/>\n\t<meta property=\"og:image:height\" content=\"1024\" \/>\n\t<meta property=\"og:image:type\" content=\"image\/jpeg\" \/>\n<meta name=\"twitter:card\" content=\"summary_large_image\" \/>\n<meta name=\"twitter:label1\" content=\"Dur\u00e9e de lecture estim\u00e9e\" \/>\n\t<meta name=\"twitter:data1\" content=\"2 minutes\" \/>\n<script type=\"application\/ld+json\" class=\"yoast-schema-graph\">{\"@context\":\"https:\\\/\\\/schema.org\",\"@graph\":[{\"@type\":\"WebPage\",\"@id\":\"https:\\\/\\\/dentaleducation.be\\\/index.php\\\/produit\\\/de-zero-a-implanto\\\/\",\"url\":\"https:\\\/\\\/dentaleducation.be\\\/index.php\\\/produit\\\/de-zero-a-implanto\\\/\",\"name\":\"De Z\u00e9ro \u00e0 Implanto - Dental Education\",\"isPartOf\":{\"@id\":\"https:\\\/\\\/dentaleducation.be\\\/#website\"},\"primaryImageOfPage\":{\"@id\":\"https:\\\/\\\/dentaleducation.be\\\/index.php\\\/produit\\\/de-zero-a-implanto\\\/#primaryimage\"},\"image\":{\"@id\":\"https:\\\/\\\/dentaleducation.be\\\/index.php\\\/produit\\\/de-zero-a-implanto\\\/#primaryimage\"},\"thumbnailUrl\":\"https:\\\/\\\/dentaleducation.be\\\/wp-content\\\/uploads\\\/2024\\\/03\\\/publi-zoom-implanto-2025-carre-min-bis-min.jpg\",\"datePublished\":\"2024-03-28T14:15:43+00:00\",\"dateModified\":\"2026-02-11T10:26:29+00:00\",\"description\":\"Unique en Belgique, cette formation vous permet, en un laps de temps minimum, d'acqu\u00e9rir toutes les bases n\u00e9cessaires pour...\",\"breadcrumb\":{\"@id\":\"https:\\\/\\\/dentaleducation.be\\\/index.php\\\/produit\\\/de-zero-a-implanto\\\/#breadcrumb\"},\"inLanguage\":\"fr-FR\",\"potentialAction\":[{\"@type\":\"ReadAction\",\"target\":[\"https:\\\/\\\/dentaleducation.be\\\/index.php\\\/produit\\\/de-zero-a-implanto\\\/\"]}]},{\"@type\":\"ImageObject\",\"inLanguage\":\"fr-FR\",\"@id\":\"https:\\\/\\\/dentaleducation.be\\\/index.php\\\/produit\\\/de-zero-a-implanto\\\/#primaryimage\",\"url\":\"https:\\\/\\\/dentaleducation.be\\\/wp-content\\\/uploads\\\/2024\\\/03\\\/publi-zoom-implanto-2025-carre-min-bis-min.jpg\",\"contentUrl\":\"https:\\\/\\\/dentaleducation.be\\\/wp-content\\\/uploads\\\/2024\\\/03\\\/publi-zoom-implanto-2025-carre-min-bis-min.jpg\",\"width\":1024,\"height\":1024,\"caption\":\"De Z\u00e9ro \u00e0 Implanto\"},{\"@type\":\"BreadcrumbList\",\"@id\":\"https:\\\/\\\/dentaleducation.be\\\/index.php\\\/produit\\\/de-zero-a-implanto\\\/#breadcrumb\",\"itemListElement\":[{\"@type\":\"ListItem\",\"position\":1,\"name\":\"Accueil\",\"item\":\"https:\\\/\\\/dentaleducation.be\\\/\"},{\"@type\":\"ListItem\",\"position\":2,\"name\":\"Boutique\",\"item\":\"https:\\\/\\\/dentaleducation.be\\\/index.php\\\/boutique\\\/\"},{\"@type\":\"ListItem\",\"position\":3,\"name\":\"De Z\u00e9ro \u00e0 Implanto\"}]},{\"@type\":\"WebSite\",\"@id\":\"https:\\\/\\\/dentaleducation.be\\\/#website\",\"url\":\"https:\\\/\\\/dentaleducation.be\\\/\",\"name\":\"Dental Education\",\"description\":\"Vivez une nouvelle exp\u00e9rience du savoir !\",\"publisher\":{\"@id\":\"https:\\\/\\\/dentaleducation.be\\\/#organization\"},\"potentialAction\":[{\"@type\":\"SearchAction\",\"target\":{\"@type\":\"EntryPoint\",\"urlTemplate\":\"https:\\\/\\\/dentaleducation.be\\\/?s={search_term_string}\"},\"query-input\":{\"@type\":\"PropertyValueSpecification\",\"valueRequired\":true,\"valueName\":\"search_term_string\"}}],\"inLanguage\":\"fr-FR\"},{\"@type\":\"Organization\",\"@id\":\"https:\\\/\\\/dentaleducation.be\\\/#organization\",\"name\":\"Dental Education\",\"url\":\"https:\\\/\\\/dentaleducation.be\\\/\",\"logo\":{\"@type\":\"ImageObject\",\"inLanguage\":\"fr-FR\",\"@id\":\"https:\\\/\\\/dentaleducation.be\\\/#\\\/schema\\\/logo\\\/image\\\/\",\"url\":\"https:\\\/\\\/dentaleducation.be\\\/wp-content\\\/uploads\\\/2023\\\/05\\\/Logo_DentalEducation_noir-jpeg.jpg\",\"contentUrl\":\"https:\\\/\\\/dentaleducation.be\\\/wp-content\\\/uploads\\\/2023\\\/05\\\/Logo_DentalEducation_noir-jpeg.jpg\",\"width\":1024,\"height\":371,\"caption\":\"Dental Education\"},\"image\":{\"@id\":\"https:\\\/\\\/dentaleducation.be\\\/#\\\/schema\\\/logo\\\/image\\\/\"},\"sameAs\":[\"https:\\\/\\\/www.facebook.com\\\/DentalEducationAssociation\",\"https:\\\/\\\/www.linkedin.com\\\/company\\\/dentaleducationasbl\\\/\",\"https:\\\/\\\/www.instagram.com\\\/dentaleducation_asbl\\\/\"]}]}<\/script>\n<!-- \/ Yoast SEO plugin. -->","yoast_head_json":{"title":"De Z\u00e9ro \u00e0 Implanto - Dental Education","description":"Unique en Belgique, cette formation vous permet, en un laps de temps minimum, d'acqu\u00e9rir toutes les bases n\u00e9cessaires pour...","robots":{"index":"index","follow":"follow","max-snippet":"max-snippet:-1","max-image-preview":"max-image-preview:large","max-video-preview":"max-video-preview:-1"},"canonical":"https:\/\/dentaleducation.be\/index.php\/produit\/de-zero-a-implanto\/","og_locale":"fr_FR","og_type":"article","og_title":"De Z\u00e9ro \u00e0 Implanto - Dental Education","og_description":"Unique en Belgique, cette formation vous permet, en un laps de temps minimum, d'acqu\u00e9rir toutes les bases n\u00e9cessaires pour...","og_url":"https:\/\/dentaleducation.be\/index.php\/produit\/de-zero-a-implanto\/","og_site_name":"Dental Education","article_publisher":"https:\/\/www.facebook.com\/DentalEducationAssociation","article_modified_time":"2026-02-11T10:26:29+00:00","og_image":[{"width":1024,"height":1024,"url":"https:\/\/dentaleducation.be\/wp-content\/uploads\/2024\/03\/publi-zoom-implanto-2025-carre-min-bis-min.jpg","type":"image\/jpeg"}],"twitter_card":"summary_large_image","twitter_misc":{"Dur\u00e9e de lecture estim\u00e9e":"2 minutes"},"schema":{"@context":"https:\/\/schema.org","@graph":[{"@type":"WebPage","@id":"https:\/\/dentaleducation.be\/index.php\/produit\/de-zero-a-implanto\/","url":"https:\/\/dentaleducation.be\/index.php\/produit\/de-zero-a-implanto\/","name":"De Z\u00e9ro \u00e0 Implanto - Dental Education","isPartOf":{"@id":"https:\/\/dentaleducation.be\/#website"},"primaryImageOfPage":{"@id":"https:\/\/dentaleducation.be\/index.php\/produit\/de-zero-a-implanto\/#primaryimage"},"image":{"@id":"https:\/\/dentaleducation.be\/index.php\/produit\/de-zero-a-implanto\/#primaryimage"},"thumbnailUrl":"https:\/\/dentaleducation.be\/wp-content\/uploads\/2024\/03\/publi-zoom-implanto-2025-carre-min-bis-min.jpg","datePublished":"2024-03-28T14:15:43+00:00","dateModified":"2026-02-11T10:26:29+00:00","description":"Unique en Belgique, cette formation vous permet, en un laps de temps minimum, d'acqu\u00e9rir toutes les bases n\u00e9cessaires pour...","breadcrumb":{"@id":"https:\/\/dentaleducation.be\/index.php\/produit\/de-zero-a-implanto\/#breadcrumb"},"inLanguage":"fr-FR","potentialAction":[{"@type":"ReadAction","target":["https:\/\/dentaleducation.be\/index.php\/produit\/de-zero-a-implanto\/"]}]},{"@type":"ImageObject","inLanguage":"fr-FR","@id":"https:\/\/dentaleducation.be\/index.php\/produit\/de-zero-a-implanto\/#primaryimage","url":"https:\/\/dentaleducation.be\/wp-content\/uploads\/2024\/03\/publi-zoom-implanto-2025-carre-min-bis-min.jpg","contentUrl":"https:\/\/dentaleducation.be\/wp-content\/uploads\/2024\/03\/publi-zoom-implanto-2025-carre-min-bis-min.jpg","width":1024,"height":1024,"caption":"De Z\u00e9ro \u00e0 Implanto"},{"@type":"BreadcrumbList","@id":"https:\/\/dentaleducation.be\/index.php\/produit\/de-zero-a-implanto\/#breadcrumb","itemListElement":[{"@type":"ListItem","position":1,"name":"Accueil","item":"https:\/\/dentaleducation.be\/"},{"@type":"ListItem","position":2,"name":"Boutique","item":"https:\/\/dentaleducation.be\/index.php\/boutique\/"},{"@type":"ListItem","position":3,"name":"De Z\u00e9ro \u00e0 Implanto"}]},{"@type":"WebSite","@id":"https:\/\/dentaleducation.be\/#website","url":"https:\/\/dentaleducation.be\/","name":"Dental Education","description":"Vivez une nouvelle exp\u00e9rience du savoir !","publisher":{"@id":"https:\/\/dentaleducation.be\/#organization"},"potentialAction":[{"@type":"SearchAction","target":{"@type":"EntryPoint","urlTemplate":"https:\/\/dentaleducation.be\/?s={search_term_string}"},"query-input":{"@type":"PropertyValueSpecification","valueRequired":true,"valueName":"search_term_string"}}],"inLanguage":"fr-FR"},{"@type":"Organization","@id":"https:\/\/dentaleducation.be\/#organization","name":"Dental Education","url":"https:\/\/dentaleducation.be\/","logo":{"@type":"ImageObject","inLanguage":"fr-FR","@id":"https:\/\/dentaleducation.be\/#\/schema\/logo\/image\/","url":"https:\/\/dentaleducation.be\/wp-content\/uploads\/2023\/05\/Logo_DentalEducation_noir-jpeg.jpg","contentUrl":"https:\/\/dentaleducation.be\/wp-content\/uploads\/2023\/05\/Logo_DentalEducation_noir-jpeg.jpg","width":1024,"height":371,"caption":"Dental Education"},"image":{"@id":"https:\/\/dentaleducation.be\/#\/schema\/logo\/image\/"},"sameAs":["https:\/\/www.facebook.com\/DentalEducationAssociation","https:\/\/www.linkedin.com\/company\/dentaleducationasbl\/","https:\/\/www.instagram.com\/dentaleducation_asbl\/"]}]}},"_links":{"self":[{"href":"https:\/\/dentaleducation.be\/index.php\/wp-json\/wp\/v2\/product\/3963","targetHints":{"allow":["GET"]}}],"collection":[{"href":"https:\/\/dentaleducation.be\/index.php\/wp-json\/wp\/v2\/product"}],"about":[{"href":"https:\/\/dentaleducation.be\/index.php\/wp-json\/wp\/v2\/types\/product"}],"replies":[{"embeddable":true,"href":"https:\/\/dentaleducation.be\/index.php\/wp-json\/wp\/v2\/comments?post=3963"}],"wp:featuredmedia":[{"embeddable":true,"href":"https:\/\/dentaleducation.be\/index.php\/wp-json\/wp\/v2\/media\/6602"}],"wp:attachment":[{"href":"https:\/\/dentaleducation.be\/index.php\/wp-json\/wp\/v2\/media?parent=3963"}],"wp:term":[{"taxonomy":"product_brand","embeddable":true,"href":"https:\/\/dentaleducation.be\/index.php\/wp-json\/wp\/v2\/product_brand?post=3963"},{"taxonomy":"product_cat","embeddable":true,"href":"https:\/\/dentaleducation.be\/index.php\/wp-json\/wp\/v2\/product_cat?post=3963"},{"taxonomy":"product_tag","embeddable":true,"href":"https:\/\/dentaleducation.be\/index.php\/wp-json\/wp\/v2\/product_tag?post=3963"}],"curies":[{"name":"wp","href":"https:\/\/api.w.org\/{rel}","templated":true}]}}